{"id":726,"date":"2024-06-30T10:53:28","date_gmt":"2024-06-30T08:53:28","guid":{"rendered":"https:\/\/casatova.fr\/?post_type=product&#038;p=726"},"modified":"2026-04-20T10:07:24","modified_gmt":"2026-04-20T08:07:24","slug":"patate-douce-butternut-carotte-tinok-6mois-200g","status":"publish","type":"product","link":"https:\/\/casatova.fr\/index.php\/produit\/patate-douce-butternut-carotte-tinok-6mois-200g\/","title":{"rendered":"806-Patate Douce Butternut Carotte Tinok 6mois-200g"},"content":{"rendered":"<p>Pots b\u00e9b\u00e9 adapt\u00e9 \u00e0 la diversification alimentaire des b\u00e9b\u00e9s<\/p>\n<p>Pots b\u00e9b\u00e9 de 200g<\/p>\n<p>Casher Beth Din de Lyon + Rav Katz<\/p>\n","protected":false},"excerpt":{"rendered":"<p>Pots b\u00e9b\u00e9 adapt\u00e9 \u00e0 la diversification alimentaire des b\u00e9b\u00e9s Pots b\u00e9b\u00e9 de 200g Casher Beth Din de Lyon + Rav Katz<\/p>\n","protected":false},"featured_media":833,"comment_status":"open","ping_status":"closed","template":"","meta":{"_kad_post_transparent":"default","_kad_post_title":"","_kad_post_layout":"default","_kad_post_sidebar_id":"","_kad_post_content_style":"default","_kad_post_vertical_padding":"default","_kad_post_feature":"","_kad_post_feature_position":"","_kad_post_header":false,"_kad_post_footer":false},"product_brand":[],"product_cat":[29,31,20],"product_tag":[],"class_list":{"0":"post-726","1":"product","2":"type-product","3":"status-publish","4":"has-post-thumbnail","6":"product_cat-des-6-7mois","7":"product_cat-pessah","8":"product_cat-potsdeyael","10":"first","11":"instock","12":"taxable","13":"shipping-taxable","14":"purchasable","15":"product-type-simple","16":"entry","17":"content-bg","18":"loop-entry"},"yoast_head":"<!-- This site is optimized with the Yoast SEO plugin v27.4 - https:\/\/yoast.com\/product\/yoast-seo-wordpress\/ -->\n<title>806-Patate Douce Butternut Carotte Tinok 6mois-200g - Casatova<\/title>\n<meta name=\"robots\" content=\"index, follow, max-snippet:-1, max-image-preview:large, max-video-preview:-1\" \/>\n<link rel=\"canonical\" href=\"https:\/\/casatova.fr\/index.php\/produit\/patate-douce-butternut-carotte-tinok-6mois-200g\/\" \/>\n<meta property=\"og:locale\" content=\"fr_FR\" \/>\n<meta property=\"og:type\" content=\"article\" \/>\n<meta property=\"og:title\" content=\"806-Patate Douce Butternut Carotte Tinok 6mois-200g - Casatova\" \/>\n<meta property=\"og:description\" content=\"Pots b\u00e9b\u00e9 adapt\u00e9 \u00e0 la diversification alimentaire des b\u00e9b\u00e9s Pots b\u00e9b\u00e9 de 200g Casher Beth Din de Lyon + Rav Katz\" \/>\n<meta property=\"og:url\" content=\"https:\/\/casatova.fr\/index.php\/produit\/patate-douce-butternut-carotte-tinok-6mois-200g\/\" \/>\n<meta property=\"og:site_name\" content=\"Casatova\" \/>\n<meta property=\"article:modified_time\" content=\"2026-04-20T08:07:24+00:00\" \/>\n<meta property=\"og:image\" content=\"https:\/\/casatova.fr\/wp-content\/uploads\/2023\/06\/Photoroom_013_20240710_073332.jpg\" \/>\n\t<meta property=\"og:image:width\" content=\"2048\" \/>\n\t<meta property=\"og:image:height\" content=\"2048\" \/>\n\t<meta property=\"og:image:type\" content=\"image\/jpeg\" \/>\n<meta name=\"twitter:card\" content=\"summary_large_image\" \/>\n<meta name=\"twitter:label1\" content=\"Dur\u00e9e de lecture estim\u00e9e\" \/>\n\t<meta name=\"twitter:data1\" content=\"1 minute\" \/>\n<script type=\"application\/ld+json\" class=\"yoast-schema-graph\">{\"@context\":\"https:\\\/\\\/schema.org\",\"@graph\":[{\"@type\":\"WebPage\",\"@id\":\"https:\\\/\\\/casatova.fr\\\/index.php\\\/produit\\\/patate-douce-butternut-carotte-tinok-6mois-200g\\\/\",\"url\":\"https:\\\/\\\/casatova.fr\\\/index.php\\\/produit\\\/patate-douce-butternut-carotte-tinok-6mois-200g\\\/\",\"name\":\"806-Patate Douce Butternut Carotte Tinok 6mois-200g - Casatova\",\"isPartOf\":{\"@id\":\"https:\\\/\\\/casatova.fr\\\/#website\"},\"primaryImageOfPage\":{\"@id\":\"https:\\\/\\\/casatova.fr\\\/index.php\\\/produit\\\/patate-douce-butternut-carotte-tinok-6mois-200g\\\/#primaryimage\"},\"image\":{\"@id\":\"https:\\\/\\\/casatova.fr\\\/index.php\\\/produit\\\/patate-douce-butternut-carotte-tinok-6mois-200g\\\/#primaryimage\"},\"thumbnailUrl\":\"https:\\\/\\\/casatova.fr\\\/wp-content\\\/uploads\\\/2024\\\/12\\\/photoroom_009_20241226_141150.jpeg\",\"datePublished\":\"2024-06-30T08:53:28+00:00\",\"dateModified\":\"2026-04-20T08:07:24+00:00\",\"breadcrumb\":{\"@id\":\"https:\\\/\\\/casatova.fr\\\/index.php\\\/produit\\\/patate-douce-butternut-carotte-tinok-6mois-200g\\\/#breadcrumb\"},\"inLanguage\":\"fr-FR\",\"potentialAction\":[{\"@type\":\"ReadAction\",\"target\":[\"https:\\\/\\\/casatova.fr\\\/index.php\\\/produit\\\/patate-douce-butternut-carotte-tinok-6mois-200g\\\/\"]}]},{\"@type\":\"ImageObject\",\"inLanguage\":\"fr-FR\",\"@id\":\"https:\\\/\\\/casatova.fr\\\/index.php\\\/produit\\\/patate-douce-butternut-carotte-tinok-6mois-200g\\\/#primaryimage\",\"url\":\"https:\\\/\\\/casatova.fr\\\/wp-content\\\/uploads\\\/2024\\\/12\\\/photoroom_009_20241226_141150.jpeg\",\"contentUrl\":\"https:\\\/\\\/casatova.fr\\\/wp-content\\\/uploads\\\/2024\\\/12\\\/photoroom_009_20241226_141150.jpeg\",\"width\":2400,\"height\":2400},{\"@type\":\"BreadcrumbList\",\"@id\":\"https:\\\/\\\/casatova.fr\\\/index.php\\\/produit\\\/patate-douce-butternut-carotte-tinok-6mois-200g\\\/#breadcrumb\",\"itemListElement\":[{\"@type\":\"ListItem\",\"position\":1,\"name\":\"Accueil\",\"item\":\"https:\\\/\\\/casatova.fr\\\/\"},{\"@type\":\"ListItem\",\"position\":2,\"name\":\"Boutique\",\"item\":\"https:\\\/\\\/casatova.fr\\\/index.php\\\/boutique\\\/\"},{\"@type\":\"ListItem\",\"position\":3,\"name\":\"806-Patate Douce Butternut Carotte Tinok 6mois-200g\"}]},{\"@type\":\"WebSite\",\"@id\":\"https:\\\/\\\/casatova.fr\\\/#website\",\"url\":\"https:\\\/\\\/casatova.fr\\\/\",\"name\":\"Casatova\",\"description\":\"\",\"publisher\":{\"@id\":\"https:\\\/\\\/casatova.fr\\\/#organization\"},\"potentialAction\":[{\"@type\":\"SearchAction\",\"target\":{\"@type\":\"EntryPoint\",\"urlTemplate\":\"https:\\\/\\\/casatova.fr\\\/?s={search_term_string}\"},\"query-input\":{\"@type\":\"PropertyValueSpecification\",\"valueRequired\":true,\"valueName\":\"search_term_string\"}}],\"inLanguage\":\"fr-FR\"},{\"@type\":\"Organization\",\"@id\":\"https:\\\/\\\/casatova.fr\\\/#organization\",\"name\":\"Casatova\",\"url\":\"https:\\\/\\\/casatova.fr\\\/\",\"logo\":{\"@type\":\"ImageObject\",\"inLanguage\":\"fr-FR\",\"@id\":\"https:\\\/\\\/casatova.fr\\\/#\\\/schema\\\/logo\\\/image\\\/\",\"url\":\"https:\\\/\\\/casatova.fr\\\/wp-content\\\/uploads\\\/2022\\\/04\\\/CASATOVA.png\",\"contentUrl\":\"https:\\\/\\\/casatova.fr\\\/wp-content\\\/uploads\\\/2022\\\/04\\\/CASATOVA.png\",\"width\":500,\"height\":500,\"caption\":\"Casatova\"},\"image\":{\"@id\":\"https:\\\/\\\/casatova.fr\\\/#\\\/schema\\\/logo\\\/image\\\/\"}}]}<\/script>\n<!-- \/ Yoast SEO plugin. -->","yoast_head_json":{"title":"806-Patate Douce Butternut Carotte Tinok 6mois-200g - Casatova","robots":{"index":"index","follow":"follow","max-snippet":"max-snippet:-1","max-image-preview":"max-image-preview:large","max-video-preview":"max-video-preview:-1"},"canonical":"https:\/\/casatova.fr\/index.php\/produit\/patate-douce-butternut-carotte-tinok-6mois-200g\/","og_locale":"fr_FR","og_type":"article","og_title":"806-Patate Douce Butternut Carotte Tinok 6mois-200g - Casatova","og_description":"Pots b\u00e9b\u00e9 adapt\u00e9 \u00e0 la diversification alimentaire des b\u00e9b\u00e9s Pots b\u00e9b\u00e9 de 200g Casher Beth Din de Lyon + Rav Katz","og_url":"https:\/\/casatova.fr\/index.php\/produit\/patate-douce-butternut-carotte-tinok-6mois-200g\/","og_site_name":"Casatova","article_modified_time":"2026-04-20T08:07:24+00:00","og_image":[{"width":2048,"height":2048,"url":"https:\/\/casatova.fr\/wp-content\/uploads\/2023\/06\/Photoroom_013_20240710_073332.jpg","type":"image\/jpeg"}],"twitter_card":"summary_large_image","twitter_misc":{"Dur\u00e9e de lecture estim\u00e9e":"1 minute"},"schema":{"@context":"https:\/\/schema.org","@graph":[{"@type":"WebPage","@id":"https:\/\/casatova.fr\/index.php\/produit\/patate-douce-butternut-carotte-tinok-6mois-200g\/","url":"https:\/\/casatova.fr\/index.php\/produit\/patate-douce-butternut-carotte-tinok-6mois-200g\/","name":"806-Patate Douce Butternut Carotte Tinok 6mois-200g - Casatova","isPartOf":{"@id":"https:\/\/casatova.fr\/#website"},"primaryImageOfPage":{"@id":"https:\/\/casatova.fr\/index.php\/produit\/patate-douce-butternut-carotte-tinok-6mois-200g\/#primaryimage"},"image":{"@id":"https:\/\/casatova.fr\/index.php\/produit\/patate-douce-butternut-carotte-tinok-6mois-200g\/#primaryimage"},"thumbnailUrl":"https:\/\/casatova.fr\/wp-content\/uploads\/2024\/12\/photoroom_009_20241226_141150.jpeg","datePublished":"2024-06-30T08:53:28+00:00","dateModified":"2026-04-20T08:07:24+00:00","breadcrumb":{"@id":"https:\/\/casatova.fr\/index.php\/produit\/patate-douce-butternut-carotte-tinok-6mois-200g\/#breadcrumb"},"inLanguage":"fr-FR","potentialAction":[{"@type":"ReadAction","target":["https:\/\/casatova.fr\/index.php\/produit\/patate-douce-butternut-carotte-tinok-6mois-200g\/"]}]},{"@type":"ImageObject","inLanguage":"fr-FR","@id":"https:\/\/casatova.fr\/index.php\/produit\/patate-douce-butternut-carotte-tinok-6mois-200g\/#primaryimage","url":"https:\/\/casatova.fr\/wp-content\/uploads\/2024\/12\/photoroom_009_20241226_141150.jpeg","contentUrl":"https:\/\/casatova.fr\/wp-content\/uploads\/2024\/12\/photoroom_009_20241226_141150.jpeg","width":2400,"height":2400},{"@type":"BreadcrumbList","@id":"https:\/\/casatova.fr\/index.php\/produit\/patate-douce-butternut-carotte-tinok-6mois-200g\/#breadcrumb","itemListElement":[{"@type":"ListItem","position":1,"name":"Accueil","item":"https:\/\/casatova.fr\/"},{"@type":"ListItem","position":2,"name":"Boutique","item":"https:\/\/casatova.fr\/index.php\/boutique\/"},{"@type":"ListItem","position":3,"name":"806-Patate Douce Butternut Carotte Tinok 6mois-200g"}]},{"@type":"WebSite","@id":"https:\/\/casatova.fr\/#website","url":"https:\/\/casatova.fr\/","name":"Casatova","description":"","publisher":{"@id":"https:\/\/casatova.fr\/#organization"},"potentialAction":[{"@type":"SearchAction","target":{"@type":"EntryPoint","urlTemplate":"https:\/\/casatova.fr\/?s={search_term_string}"},"query-input":{"@type":"PropertyValueSpecification","valueRequired":true,"valueName":"search_term_string"}}],"inLanguage":"fr-FR"},{"@type":"Organization","@id":"https:\/\/casatova.fr\/#organization","name":"Casatova","url":"https:\/\/casatova.fr\/","logo":{"@type":"ImageObject","inLanguage":"fr-FR","@id":"https:\/\/casatova.fr\/#\/schema\/logo\/image\/","url":"https:\/\/casatova.fr\/wp-content\/uploads\/2022\/04\/CASATOVA.png","contentUrl":"https:\/\/casatova.fr\/wp-content\/uploads\/2022\/04\/CASATOVA.png","width":500,"height":500,"caption":"Casatova"},"image":{"@id":"https:\/\/casatova.fr\/#\/schema\/logo\/image\/"}}]}},"jetpack_sharing_enabled":true,"_links":{"self":[{"href":"https:\/\/casatova.fr\/index.php\/wp-json\/wp\/v2\/product\/726","targetHints":{"allow":["GET"]}}],"collection":[{"href":"https:\/\/casatova.fr\/index.php\/wp-json\/wp\/v2\/product"}],"about":[{"href":"https:\/\/casatova.fr\/index.php\/wp-json\/wp\/v2\/types\/product"}],"replies":[{"embeddable":true,"href":"https:\/\/casatova.fr\/index.php\/wp-json\/wp\/v2\/comments?post=726"}],"wp:featuredmedia":[{"embeddable":true,"href":"https:\/\/casatova.fr\/index.php\/wp-json\/wp\/v2\/media\/833"}],"wp:attachment":[{"href":"https:\/\/casatova.fr\/index.php\/wp-json\/wp\/v2\/media?parent=726"}],"wp:term":[{"taxonomy":"product_brand","embeddable":true,"href":"https:\/\/casatova.fr\/index.php\/wp-json\/wp\/v2\/product_brand?post=726"},{"taxonomy":"product_cat","embeddable":true,"href":"https:\/\/casatova.fr\/index.php\/wp-json\/wp\/v2\/product_cat?post=726"},{"taxonomy":"product_tag","embeddable":true,"href":"https:\/\/casatova.fr\/index.php\/wp-json\/wp\/v2\/product_tag?post=726"}],"curies":[{"name":"wp","href":"https:\/\/api.w.org\/{rel}","templated":true}]}}