{"id":486,"date":"2023-06-22T00:00:13","date_gmt":"2023-06-21T22:00:13","guid":{"rendered":"https:\/\/casatova.fr\/?post_type=product&#038;p=486"},"modified":"2026-04-12T22:50:30","modified_gmt":"2026-04-12T20:50:30","slug":"parmentier-de-boeuf-7mois","status":"publish","type":"product","link":"https:\/\/casatova.fr\/index.php\/produit\/parmentier-de-boeuf-7mois\/","title":{"rendered":"400-Parmentier de Boeuf Yael- 7mois"},"content":{"rendered":"<p>Pot de Parmentier de Boeuf, de la marque Les petits Pots de yael d\u00e9s 7mois<\/p>\n<p><strong>Attention !<\/strong> Afin de garantir un transport s\u00e9curis\u00e9 et d&rsquo;\u00e9viter les bris, nous vous recommandons de passer commande par lots de<strong>\u00a024, 36, 48 ou 60 pots.<\/strong> Vous avez la possibilit\u00e9 de composer votre commande en choisissant parmi <strong><em>l&rsquo;ensemble de la gamme des petits pots de Yael. <\/em><\/strong>Ainsi, vous pourrez profiter de notre d\u00e9licieuse s\u00e9lection tout en assurant une livraison sans casse.<\/p>\n","protected":false},"excerpt":{"rendered":"<p>Les Petits Pots de Yael- 7mois<\/p>\n<p>Parmentier de Boeuf &#8211; 210g Casher- Beth Din de Lyon<\/p>\n<p>Veuillez noter que pour assurer<strong> un transport s\u00e9curis\u00e9<\/strong> et \u00e9viter les bris, il est recommand\u00e9 de passer commande par <strong>lots de 24, 36, 48 ou 60 pots<\/strong>. Nous vous offrons la flexibilit\u00e9 de composer votre commande en s\u00e9lectionnant parmi <strong>notre gamme compl\u00e8te de petits pots Yael.<\/strong> Cette approche vous permettra de profiter de notre d\u00e9licieuse s\u00e9lection tout en garantissant une livraison sans dommage.<\/p>\n","protected":false},"featured_media":815,"comment_status":"open","ping_status":"closed","template":"","meta":{"_kad_post_transparent":"default","_kad_post_title":"","_kad_post_layout":"default","_kad_post_sidebar_id":"","_kad_post_content_style":"default","_kad_post_vertical_padding":"default","_kad_post_feature":"","_kad_post_feature_position":"","_kad_post_header":false,"_kad_post_footer":false},"product_brand":[],"product_cat":[29,31,20],"product_tag":[],"class_list":{"0":"post-486","1":"product","2":"type-product","3":"status-publish","4":"has-post-thumbnail","6":"product_cat-des-6-7mois","7":"product_cat-pessah","8":"product_cat-potsdeyael","10":"first","11":"instock","12":"taxable","13":"shipping-taxable","14":"purchasable","15":"product-type-simple","16":"entry","17":"content-bg","18":"loop-entry"},"yoast_head":"<!-- This site is optimized with the Yoast SEO plugin v27.4 - https:\/\/yoast.com\/product\/yoast-seo-wordpress\/ -->\n<title>Les petits pots de Yael- site officiel<\/title>\n<meta name=\"description\" content=\"Site officiel de la marque Les Petits Pots de Yael, de pot b\u00e9b\u00e9 casher - Pot de Parmentier de Boeuf d\u00e9s 7mois. A retrouver avec la gamme compl\u00e8te.\" \/>\n<meta name=\"robots\" content=\"index, follow, max-snippet:-1, max-image-preview:large, max-video-preview:-1\" \/>\n<link rel=\"canonical\" href=\"https:\/\/casatova.fr\/index.php\/produit\/parmentier-de-boeuf-7mois\/\" \/>\n<meta property=\"og:locale\" content=\"fr_FR\" \/>\n<meta property=\"og:type\" content=\"article\" \/>\n<meta property=\"og:title\" content=\"Les petits pots de Yael- site officiel\" \/>\n<meta property=\"og:description\" content=\"Site officiel de la marque Les Petits Pots de Yael, de pot b\u00e9b\u00e9 casher - Pot de Parmentier de Boeuf d\u00e9s 7mois. A retrouver avec la gamme compl\u00e8te.\" \/>\n<meta property=\"og:url\" content=\"https:\/\/casatova.fr\/index.php\/produit\/parmentier-de-boeuf-7mois\/\" \/>\n<meta property=\"og:site_name\" content=\"Casatova\" \/>\n<meta property=\"article:modified_time\" content=\"2026-04-12T20:50:30+00:00\" \/>\n<meta property=\"og:image\" content=\"https:\/\/casatova.fr\/wp-content\/uploads\/2023\/06\/PhotoRoom_000_20230702_124946.jpg\" \/>\n\t<meta property=\"og:image:width\" content=\"2016\" \/>\n\t<meta property=\"og:image:height\" content=\"1512\" \/>\n\t<meta property=\"og:image:type\" content=\"image\/jpeg\" \/>\n<meta name=\"twitter:card\" content=\"summary_large_image\" \/>\n<meta name=\"twitter:label1\" content=\"Dur\u00e9e de lecture estim\u00e9e\" \/>\n\t<meta name=\"twitter:data1\" content=\"1 minute\" \/>\n<script type=\"application\/ld+json\" class=\"yoast-schema-graph\">{\"@context\":\"https:\\\/\\\/schema.org\",\"@graph\":[{\"@type\":\"WebPage\",\"@id\":\"https:\\\/\\\/casatova.fr\\\/index.php\\\/produit\\\/parmentier-de-boeuf-7mois\\\/\",\"url\":\"https:\\\/\\\/casatova.fr\\\/index.php\\\/produit\\\/parmentier-de-boeuf-7mois\\\/\",\"name\":\"Les petits pots de Yael- site officiel\",\"isPartOf\":{\"@id\":\"https:\\\/\\\/casatova.fr\\\/#website\"},\"primaryImageOfPage\":{\"@id\":\"https:\\\/\\\/casatova.fr\\\/index.php\\\/produit\\\/parmentier-de-boeuf-7mois\\\/#primaryimage\"},\"image\":{\"@id\":\"https:\\\/\\\/casatova.fr\\\/index.php\\\/produit\\\/parmentier-de-boeuf-7mois\\\/#primaryimage\"},\"thumbnailUrl\":\"https:\\\/\\\/casatova.fr\\\/wp-content\\\/uploads\\\/2024\\\/12\\\/photoroom_000_20241226_141150.jpeg\",\"datePublished\":\"2023-06-21T22:00:13+00:00\",\"dateModified\":\"2026-04-12T20:50:30+00:00\",\"description\":\"Site officiel de la marque Les Petits Pots de Yael, de pot b\u00e9b\u00e9 casher - Pot de Parmentier de Boeuf d\u00e9s 7mois. A retrouver avec la gamme compl\u00e8te.\",\"breadcrumb\":{\"@id\":\"https:\\\/\\\/casatova.fr\\\/index.php\\\/produit\\\/parmentier-de-boeuf-7mois\\\/#breadcrumb\"},\"inLanguage\":\"fr-FR\",\"potentialAction\":[{\"@type\":\"ReadAction\",\"target\":[\"https:\\\/\\\/casatova.fr\\\/index.php\\\/produit\\\/parmentier-de-boeuf-7mois\\\/\"]}]},{\"@type\":\"ImageObject\",\"inLanguage\":\"fr-FR\",\"@id\":\"https:\\\/\\\/casatova.fr\\\/index.php\\\/produit\\\/parmentier-de-boeuf-7mois\\\/#primaryimage\",\"url\":\"https:\\\/\\\/casatova.fr\\\/wp-content\\\/uploads\\\/2024\\\/12\\\/photoroom_000_20241226_141150.jpeg\",\"contentUrl\":\"https:\\\/\\\/casatova.fr\\\/wp-content\\\/uploads\\\/2024\\\/12\\\/photoroom_000_20241226_141150.jpeg\",\"width\":2400,\"height\":2400},{\"@type\":\"BreadcrumbList\",\"@id\":\"https:\\\/\\\/casatova.fr\\\/index.php\\\/produit\\\/parmentier-de-boeuf-7mois\\\/#breadcrumb\",\"itemListElement\":[{\"@type\":\"ListItem\",\"position\":1,\"name\":\"Accueil\",\"item\":\"https:\\\/\\\/casatova.fr\\\/\"},{\"@type\":\"ListItem\",\"position\":2,\"name\":\"Boutique\",\"item\":\"https:\\\/\\\/casatova.fr\\\/index.php\\\/boutique\\\/\"},{\"@type\":\"ListItem\",\"position\":3,\"name\":\"400-Parmentier de Boeuf Yael- 7mois\"}]},{\"@type\":\"WebSite\",\"@id\":\"https:\\\/\\\/casatova.fr\\\/#website\",\"url\":\"https:\\\/\\\/casatova.fr\\\/\",\"name\":\"Casatova\",\"description\":\"\",\"publisher\":{\"@id\":\"https:\\\/\\\/casatova.fr\\\/#organization\"},\"potentialAction\":[{\"@type\":\"SearchAction\",\"target\":{\"@type\":\"EntryPoint\",\"urlTemplate\":\"https:\\\/\\\/casatova.fr\\\/?s={search_term_string}\"},\"query-input\":{\"@type\":\"PropertyValueSpecification\",\"valueRequired\":true,\"valueName\":\"search_term_string\"}}],\"inLanguage\":\"fr-FR\"},{\"@type\":\"Organization\",\"@id\":\"https:\\\/\\\/casatova.fr\\\/#organization\",\"name\":\"Casatova\",\"url\":\"https:\\\/\\\/casatova.fr\\\/\",\"logo\":{\"@type\":\"ImageObject\",\"inLanguage\":\"fr-FR\",\"@id\":\"https:\\\/\\\/casatova.fr\\\/#\\\/schema\\\/logo\\\/image\\\/\",\"url\":\"https:\\\/\\\/casatova.fr\\\/wp-content\\\/uploads\\\/2022\\\/04\\\/CASATOVA.png\",\"contentUrl\":\"https:\\\/\\\/casatova.fr\\\/wp-content\\\/uploads\\\/2022\\\/04\\\/CASATOVA.png\",\"width\":500,\"height\":500,\"caption\":\"Casatova\"},\"image\":{\"@id\":\"https:\\\/\\\/casatova.fr\\\/#\\\/schema\\\/logo\\\/image\\\/\"}}]}<\/script>\n<!-- \/ Yoast SEO plugin. -->","yoast_head_json":{"title":"Les petits pots de Yael- site officiel","description":"Site officiel de la marque Les Petits Pots de Yael, de pot b\u00e9b\u00e9 casher - Pot de Parmentier de Boeuf d\u00e9s 7mois. A retrouver avec la gamme compl\u00e8te.","robots":{"index":"index","follow":"follow","max-snippet":"max-snippet:-1","max-image-preview":"max-image-preview:large","max-video-preview":"max-video-preview:-1"},"canonical":"https:\/\/casatova.fr\/index.php\/produit\/parmentier-de-boeuf-7mois\/","og_locale":"fr_FR","og_type":"article","og_title":"Les petits pots de Yael- site officiel","og_description":"Site officiel de la marque Les Petits Pots de Yael, de pot b\u00e9b\u00e9 casher - Pot de Parmentier de Boeuf d\u00e9s 7mois. A retrouver avec la gamme compl\u00e8te.","og_url":"https:\/\/casatova.fr\/index.php\/produit\/parmentier-de-boeuf-7mois\/","og_site_name":"Casatova","article_modified_time":"2026-04-12T20:50:30+00:00","og_image":[{"width":2016,"height":1512,"url":"https:\/\/casatova.fr\/wp-content\/uploads\/2023\/06\/PhotoRoom_000_20230702_124946.jpg","type":"image\/jpeg"}],"twitter_card":"summary_large_image","twitter_misc":{"Dur\u00e9e de lecture estim\u00e9e":"1 minute"},"schema":{"@context":"https:\/\/schema.org","@graph":[{"@type":"WebPage","@id":"https:\/\/casatova.fr\/index.php\/produit\/parmentier-de-boeuf-7mois\/","url":"https:\/\/casatova.fr\/index.php\/produit\/parmentier-de-boeuf-7mois\/","name":"Les petits pots de Yael- site officiel","isPartOf":{"@id":"https:\/\/casatova.fr\/#website"},"primaryImageOfPage":{"@id":"https:\/\/casatova.fr\/index.php\/produit\/parmentier-de-boeuf-7mois\/#primaryimage"},"image":{"@id":"https:\/\/casatova.fr\/index.php\/produit\/parmentier-de-boeuf-7mois\/#primaryimage"},"thumbnailUrl":"https:\/\/casatova.fr\/wp-content\/uploads\/2024\/12\/photoroom_000_20241226_141150.jpeg","datePublished":"2023-06-21T22:00:13+00:00","dateModified":"2026-04-12T20:50:30+00:00","description":"Site officiel de la marque Les Petits Pots de Yael, de pot b\u00e9b\u00e9 casher - Pot de Parmentier de Boeuf d\u00e9s 7mois. A retrouver avec la gamme compl\u00e8te.","breadcrumb":{"@id":"https:\/\/casatova.fr\/index.php\/produit\/parmentier-de-boeuf-7mois\/#breadcrumb"},"inLanguage":"fr-FR","potentialAction":[{"@type":"ReadAction","target":["https:\/\/casatova.fr\/index.php\/produit\/parmentier-de-boeuf-7mois\/"]}]},{"@type":"ImageObject","inLanguage":"fr-FR","@id":"https:\/\/casatova.fr\/index.php\/produit\/parmentier-de-boeuf-7mois\/#primaryimage","url":"https:\/\/casatova.fr\/wp-content\/uploads\/2024\/12\/photoroom_000_20241226_141150.jpeg","contentUrl":"https:\/\/casatova.fr\/wp-content\/uploads\/2024\/12\/photoroom_000_20241226_141150.jpeg","width":2400,"height":2400},{"@type":"BreadcrumbList","@id":"https:\/\/casatova.fr\/index.php\/produit\/parmentier-de-boeuf-7mois\/#breadcrumb","itemListElement":[{"@type":"ListItem","position":1,"name":"Accueil","item":"https:\/\/casatova.fr\/"},{"@type":"ListItem","position":2,"name":"Boutique","item":"https:\/\/casatova.fr\/index.php\/boutique\/"},{"@type":"ListItem","position":3,"name":"400-Parmentier de Boeuf Yael- 7mois"}]},{"@type":"WebSite","@id":"https:\/\/casatova.fr\/#website","url":"https:\/\/casatova.fr\/","name":"Casatova","description":"","publisher":{"@id":"https:\/\/casatova.fr\/#organization"},"potentialAction":[{"@type":"SearchAction","target":{"@type":"EntryPoint","urlTemplate":"https:\/\/casatova.fr\/?s={search_term_string}"},"query-input":{"@type":"PropertyValueSpecification","valueRequired":true,"valueName":"search_term_string"}}],"inLanguage":"fr-FR"},{"@type":"Organization","@id":"https:\/\/casatova.fr\/#organization","name":"Casatova","url":"https:\/\/casatova.fr\/","logo":{"@type":"ImageObject","inLanguage":"fr-FR","@id":"https:\/\/casatova.fr\/#\/schema\/logo\/image\/","url":"https:\/\/casatova.fr\/wp-content\/uploads\/2022\/04\/CASATOVA.png","contentUrl":"https:\/\/casatova.fr\/wp-content\/uploads\/2022\/04\/CASATOVA.png","width":500,"height":500,"caption":"Casatova"},"image":{"@id":"https:\/\/casatova.fr\/#\/schema\/logo\/image\/"}}]}},"jetpack_sharing_enabled":true,"_links":{"self":[{"href":"https:\/\/casatova.fr\/index.php\/wp-json\/wp\/v2\/product\/486","targetHints":{"allow":["GET"]}}],"collection":[{"href":"https:\/\/casatova.fr\/index.php\/wp-json\/wp\/v2\/product"}],"about":[{"href":"https:\/\/casatova.fr\/index.php\/wp-json\/wp\/v2\/types\/product"}],"replies":[{"embeddable":true,"href":"https:\/\/casatova.fr\/index.php\/wp-json\/wp\/v2\/comments?post=486"}],"wp:featuredmedia":[{"embeddable":true,"href":"https:\/\/casatova.fr\/index.php\/wp-json\/wp\/v2\/media\/815"}],"wp:attachment":[{"href":"https:\/\/casatova.fr\/index.php\/wp-json\/wp\/v2\/media?parent=486"}],"wp:term":[{"taxonomy":"product_brand","embeddable":true,"href":"https:\/\/casatova.fr\/index.php\/wp-json\/wp\/v2\/product_brand?post=486"},{"taxonomy":"product_cat","embeddable":true,"href":"https:\/\/casatova.fr\/index.php\/wp-json\/wp\/v2\/product_cat?post=486"},{"taxonomy":"product_tag","embeddable":true,"href":"https:\/\/casatova.fr\/index.php\/wp-json\/wp\/v2\/product_tag?post=486"}],"curies":[{"name":"wp","href":"https:\/\/api.w.org\/{rel}","templated":true}]}}