{"id":445,"date":"2023-06-21T20:35:18","date_gmt":"2023-06-21T18:35:18","guid":{"rendered":"https:\/\/casatova.fr\/?post_type=product&#038;p=445"},"modified":"2024-07-15T18:33:58","modified_gmt":"2024-07-15T16:33:58","slug":"boutique","status":"publish","type":"product","link":"https:\/\/casatova.fr\/index.php\/produit\/boutique\/","title":{"rendered":"Harissa \u00e0 la Rose"},"content":{"rendered":"<p>D\u00e9couvrez la Harissa \u00e0 la Rose &#8211; une fusion audacieuse de saveurs inspir\u00e9e par le c\u00e9l\u00e8bre chef Yottam Ottolenghi. Cette d\u00e9licieuse harissa associe habilement le piquant traditionnel de la harissa avec la d\u00e9licatesse florale de la rose, cr\u00e9ant ainsi une exp\u00e9rience gustative innovante et captivante. Ajoutez une touche de cette Harissa \u00e0 la Rose \u00e0 vos plats pr\u00e9f\u00e9r\u00e9s pour une explosion de saveurs harmonieuse et unique.<\/p>\n","protected":false},"excerpt":{"rendered":"<p>D\u00e9couvrez la Harissa \u00e0 la Rose &#8211; une fusion audacieuse de saveurs inspir\u00e9e par le c\u00e9l\u00e8bre chef Yottam Ottolenghi. Cette d\u00e9licieuse harissa associe habilement le piquant traditionnel de la harissa avec la d\u00e9licatesse florale de la rose, cr\u00e9ant ainsi une exp\u00e9rience gustative innovante et captivante. Ajoutez une touche de cette Harissa \u00e0 la Rose \u00e0 vos plats pr\u00e9f\u00e9r\u00e9s pour une explosion de saveurs harmonieuse et unique.<\/p>\n<p>Harissa \u00e0 la Rose &#8211; 210g<\/p>\n<p>&nbsp;<\/p>\n","protected":false},"featured_media":452,"comment_status":"open","ping_status":"closed","template":"","meta":{"_kad_post_transparent":"default","_kad_post_title":"","_kad_post_layout":"default","_kad_post_sidebar_id":"","_kad_post_content_style":"default","_kad_post_vertical_padding":"default","_kad_post_feature":"","_kad_post_feature_position":"","_kad_post_header":false,"_kad_post_footer":false},"product_brand":[],"product_cat":[24],"product_tag":[],"class_list":{"0":"post-445","1":"product","2":"type-product","3":"status-publish","4":"has-post-thumbnail","6":"product_cat-harissa-picanty","8":"first","9":"instock","10":"taxable","11":"shipping-taxable","12":"purchasable","13":"product-type-simple","14":"entry","15":"content-bg","16":"loop-entry"},"yoast_head":"<!-- This site is optimized with the Yoast SEO plugin v27.4 - https:\/\/yoast.com\/product\/yoast-seo-wordpress\/ -->\n<title>Harissa \u00e0 la Rose - Casatova<\/title>\n<meta name=\"description\" content=\"La Harissa \u00e0 la Rose, une fusion audacieuse de saveurs inspir\u00e9e par le c\u00e9l\u00e8bre chef Yottam Ottolenghi. Une sauce accessible et savoureuse.\" \/>\n<meta name=\"robots\" content=\"index, follow, max-snippet:-1, max-image-preview:large, max-video-preview:-1\" \/>\n<link rel=\"canonical\" href=\"https:\/\/casatova.fr\/index.php\/produit\/boutique\/\" \/>\n<meta property=\"og:locale\" content=\"fr_FR\" \/>\n<meta property=\"og:type\" content=\"article\" \/>\n<meta property=\"og:title\" content=\"Harissa \u00e0 la Rose - Casatova\" \/>\n<meta property=\"og:description\" content=\"La Harissa \u00e0 la Rose, une fusion audacieuse de saveurs inspir\u00e9e par le c\u00e9l\u00e8bre chef Yottam Ottolenghi. Une sauce accessible et savoureuse.\" \/>\n<meta property=\"og:url\" content=\"https:\/\/casatova.fr\/index.php\/produit\/boutique\/\" \/>\n<meta property=\"og:site_name\" content=\"Casatova\" \/>\n<meta property=\"article:modified_time\" content=\"2024-07-15T16:33:58+00:00\" \/>\n<meta property=\"og:image\" content=\"https:\/\/casatova.fr\/wp-content\/uploads\/2023\/06\/Picanty-Harissa-Single-Jar-Preview-03.2-1.jpg\" \/>\n\t<meta property=\"og:image:width\" content=\"1500\" \/>\n\t<meta property=\"og:image:height\" content=\"1500\" \/>\n\t<meta property=\"og:image:type\" content=\"image\/jpeg\" \/>\n<meta name=\"twitter:card\" content=\"summary_large_image\" \/>\n<meta name=\"twitter:label1\" content=\"Dur\u00e9e de lecture estim\u00e9e\" \/>\n\t<meta name=\"twitter:data1\" content=\"1 minute\" \/>\n<script type=\"application\/ld+json\" class=\"yoast-schema-graph\">{\"@context\":\"https:\\\/\\\/schema.org\",\"@graph\":[{\"@type\":\"WebPage\",\"@id\":\"https:\\\/\\\/casatova.fr\\\/index.php\\\/produit\\\/boutique\\\/\",\"url\":\"https:\\\/\\\/casatova.fr\\\/index.php\\\/produit\\\/boutique\\\/\",\"name\":\"Harissa \u00e0 la Rose - Casatova\",\"isPartOf\":{\"@id\":\"https:\\\/\\\/casatova.fr\\\/#website\"},\"primaryImageOfPage\":{\"@id\":\"https:\\\/\\\/casatova.fr\\\/index.php\\\/produit\\\/boutique\\\/#primaryimage\"},\"image\":{\"@id\":\"https:\\\/\\\/casatova.fr\\\/index.php\\\/produit\\\/boutique\\\/#primaryimage\"},\"thumbnailUrl\":\"https:\\\/\\\/casatova.fr\\\/wp-content\\\/uploads\\\/2023\\\/06\\\/Picanty-Harissa-Single-Jar-Preview-03.2-1.jpg\",\"datePublished\":\"2023-06-21T18:35:18+00:00\",\"dateModified\":\"2024-07-15T16:33:58+00:00\",\"description\":\"La Harissa \u00e0 la Rose, une fusion audacieuse de saveurs inspir\u00e9e par le c\u00e9l\u00e8bre chef Yottam Ottolenghi. Une sauce accessible et savoureuse.\",\"breadcrumb\":{\"@id\":\"https:\\\/\\\/casatova.fr\\\/index.php\\\/produit\\\/boutique\\\/#breadcrumb\"},\"inLanguage\":\"fr-FR\",\"potentialAction\":[{\"@type\":\"ReadAction\",\"target\":[\"https:\\\/\\\/casatova.fr\\\/index.php\\\/produit\\\/boutique\\\/\"]}]},{\"@type\":\"ImageObject\",\"inLanguage\":\"fr-FR\",\"@id\":\"https:\\\/\\\/casatova.fr\\\/index.php\\\/produit\\\/boutique\\\/#primaryimage\",\"url\":\"https:\\\/\\\/casatova.fr\\\/wp-content\\\/uploads\\\/2023\\\/06\\\/Picanty-Harissa-Single-Jar-Preview-03.2-1.jpg\",\"contentUrl\":\"https:\\\/\\\/casatova.fr\\\/wp-content\\\/uploads\\\/2023\\\/06\\\/Picanty-Harissa-Single-Jar-Preview-03.2-1.jpg\",\"width\":1500,\"height\":1500},{\"@type\":\"BreadcrumbList\",\"@id\":\"https:\\\/\\\/casatova.fr\\\/index.php\\\/produit\\\/boutique\\\/#breadcrumb\",\"itemListElement\":[{\"@type\":\"ListItem\",\"position\":1,\"name\":\"Accueil\",\"item\":\"https:\\\/\\\/casatova.fr\\\/\"},{\"@type\":\"ListItem\",\"position\":2,\"name\":\"Boutique\",\"item\":\"https:\\\/\\\/casatova.fr\\\/index.php\\\/boutique\\\/\"},{\"@type\":\"ListItem\",\"position\":3,\"name\":\"Harissa \u00e0 la Rose\"}]},{\"@type\":\"WebSite\",\"@id\":\"https:\\\/\\\/casatova.fr\\\/#website\",\"url\":\"https:\\\/\\\/casatova.fr\\\/\",\"name\":\"Casatova\",\"description\":\"\",\"publisher\":{\"@id\":\"https:\\\/\\\/casatova.fr\\\/#organization\"},\"potentialAction\":[{\"@type\":\"SearchAction\",\"target\":{\"@type\":\"EntryPoint\",\"urlTemplate\":\"https:\\\/\\\/casatova.fr\\\/?s={search_term_string}\"},\"query-input\":{\"@type\":\"PropertyValueSpecification\",\"valueRequired\":true,\"valueName\":\"search_term_string\"}}],\"inLanguage\":\"fr-FR\"},{\"@type\":\"Organization\",\"@id\":\"https:\\\/\\\/casatova.fr\\\/#organization\",\"name\":\"Casatova\",\"url\":\"https:\\\/\\\/casatova.fr\\\/\",\"logo\":{\"@type\":\"ImageObject\",\"inLanguage\":\"fr-FR\",\"@id\":\"https:\\\/\\\/casatova.fr\\\/#\\\/schema\\\/logo\\\/image\\\/\",\"url\":\"https:\\\/\\\/casatova.fr\\\/wp-content\\\/uploads\\\/2022\\\/04\\\/CASATOVA.png\",\"contentUrl\":\"https:\\\/\\\/casatova.fr\\\/wp-content\\\/uploads\\\/2022\\\/04\\\/CASATOVA.png\",\"width\":500,\"height\":500,\"caption\":\"Casatova\"},\"image\":{\"@id\":\"https:\\\/\\\/casatova.fr\\\/#\\\/schema\\\/logo\\\/image\\\/\"}}]}<\/script>\n<!-- \/ Yoast SEO plugin. -->","yoast_head_json":{"title":"Harissa \u00e0 la Rose - Casatova","description":"La Harissa \u00e0 la Rose, une fusion audacieuse de saveurs inspir\u00e9e par le c\u00e9l\u00e8bre chef Yottam Ottolenghi. Une sauce accessible et savoureuse.","robots":{"index":"index","follow":"follow","max-snippet":"max-snippet:-1","max-image-preview":"max-image-preview:large","max-video-preview":"max-video-preview:-1"},"canonical":"https:\/\/casatova.fr\/index.php\/produit\/boutique\/","og_locale":"fr_FR","og_type":"article","og_title":"Harissa \u00e0 la Rose - Casatova","og_description":"La Harissa \u00e0 la Rose, une fusion audacieuse de saveurs inspir\u00e9e par le c\u00e9l\u00e8bre chef Yottam Ottolenghi. Une sauce accessible et savoureuse.","og_url":"https:\/\/casatova.fr\/index.php\/produit\/boutique\/","og_site_name":"Casatova","article_modified_time":"2024-07-15T16:33:58+00:00","og_image":[{"width":1500,"height":1500,"url":"https:\/\/casatova.fr\/wp-content\/uploads\/2023\/06\/Picanty-Harissa-Single-Jar-Preview-03.2-1.jpg","type":"image\/jpeg"}],"twitter_card":"summary_large_image","twitter_misc":{"Dur\u00e9e de lecture estim\u00e9e":"1 minute"},"schema":{"@context":"https:\/\/schema.org","@graph":[{"@type":"WebPage","@id":"https:\/\/casatova.fr\/index.php\/produit\/boutique\/","url":"https:\/\/casatova.fr\/index.php\/produit\/boutique\/","name":"Harissa \u00e0 la Rose - Casatova","isPartOf":{"@id":"https:\/\/casatova.fr\/#website"},"primaryImageOfPage":{"@id":"https:\/\/casatova.fr\/index.php\/produit\/boutique\/#primaryimage"},"image":{"@id":"https:\/\/casatova.fr\/index.php\/produit\/boutique\/#primaryimage"},"thumbnailUrl":"https:\/\/casatova.fr\/wp-content\/uploads\/2023\/06\/Picanty-Harissa-Single-Jar-Preview-03.2-1.jpg","datePublished":"2023-06-21T18:35:18+00:00","dateModified":"2024-07-15T16:33:58+00:00","description":"La Harissa \u00e0 la Rose, une fusion audacieuse de saveurs inspir\u00e9e par le c\u00e9l\u00e8bre chef Yottam Ottolenghi. Une sauce accessible et savoureuse.","breadcrumb":{"@id":"https:\/\/casatova.fr\/index.php\/produit\/boutique\/#breadcrumb"},"inLanguage":"fr-FR","potentialAction":[{"@type":"ReadAction","target":["https:\/\/casatova.fr\/index.php\/produit\/boutique\/"]}]},{"@type":"ImageObject","inLanguage":"fr-FR","@id":"https:\/\/casatova.fr\/index.php\/produit\/boutique\/#primaryimage","url":"https:\/\/casatova.fr\/wp-content\/uploads\/2023\/06\/Picanty-Harissa-Single-Jar-Preview-03.2-1.jpg","contentUrl":"https:\/\/casatova.fr\/wp-content\/uploads\/2023\/06\/Picanty-Harissa-Single-Jar-Preview-03.2-1.jpg","width":1500,"height":1500},{"@type":"BreadcrumbList","@id":"https:\/\/casatova.fr\/index.php\/produit\/boutique\/#breadcrumb","itemListElement":[{"@type":"ListItem","position":1,"name":"Accueil","item":"https:\/\/casatova.fr\/"},{"@type":"ListItem","position":2,"name":"Boutique","item":"https:\/\/casatova.fr\/index.php\/boutique\/"},{"@type":"ListItem","position":3,"name":"Harissa \u00e0 la Rose"}]},{"@type":"WebSite","@id":"https:\/\/casatova.fr\/#website","url":"https:\/\/casatova.fr\/","name":"Casatova","description":"","publisher":{"@id":"https:\/\/casatova.fr\/#organization"},"potentialAction":[{"@type":"SearchAction","target":{"@type":"EntryPoint","urlTemplate":"https:\/\/casatova.fr\/?s={search_term_string}"},"query-input":{"@type":"PropertyValueSpecification","valueRequired":true,"valueName":"search_term_string"}}],"inLanguage":"fr-FR"},{"@type":"Organization","@id":"https:\/\/casatova.fr\/#organization","name":"Casatova","url":"https:\/\/casatova.fr\/","logo":{"@type":"ImageObject","inLanguage":"fr-FR","@id":"https:\/\/casatova.fr\/#\/schema\/logo\/image\/","url":"https:\/\/casatova.fr\/wp-content\/uploads\/2022\/04\/CASATOVA.png","contentUrl":"https:\/\/casatova.fr\/wp-content\/uploads\/2022\/04\/CASATOVA.png","width":500,"height":500,"caption":"Casatova"},"image":{"@id":"https:\/\/casatova.fr\/#\/schema\/logo\/image\/"}}]}},"jetpack_sharing_enabled":true,"_links":{"self":[{"href":"https:\/\/casatova.fr\/index.php\/wp-json\/wp\/v2\/product\/445","targetHints":{"allow":["GET"]}}],"collection":[{"href":"https:\/\/casatova.fr\/index.php\/wp-json\/wp\/v2\/product"}],"about":[{"href":"https:\/\/casatova.fr\/index.php\/wp-json\/wp\/v2\/types\/product"}],"replies":[{"embeddable":true,"href":"https:\/\/casatova.fr\/index.php\/wp-json\/wp\/v2\/comments?post=445"}],"wp:featuredmedia":[{"embeddable":true,"href":"https:\/\/casatova.fr\/index.php\/wp-json\/wp\/v2\/media\/452"}],"wp:attachment":[{"href":"https:\/\/casatova.fr\/index.php\/wp-json\/wp\/v2\/media?parent=445"}],"wp:term":[{"taxonomy":"product_brand","embeddable":true,"href":"https:\/\/casatova.fr\/index.php\/wp-json\/wp\/v2\/product_brand?post=445"},{"taxonomy":"product_cat","embeddable":true,"href":"https:\/\/casatova.fr\/index.php\/wp-json\/wp\/v2\/product_cat?post=445"},{"taxonomy":"product_tag","embeddable":true,"href":"https:\/\/casatova.fr\/index.php\/wp-json\/wp\/v2\/product_tag?post=445"}],"curies":[{"name":"wp","href":"https:\/\/api.w.org\/{rel}","templated":true}]}}